
1975b
What is 5a804 (base 11) in base 8?
252677
Convert -1075816 (base 10) to base 9.
-2018661
What is 2435142 (base 6) in base 9?
216508
Convert -1101110011111011011 (base 2) to base 4.
-1232133123
What is 2084028 (base 9) in base 12?
45b208
What is -663355 (base 11) in base 14?
-1d7ac0
What is 141241212 (base 6) in base 12?
b63208
Convert b111a4 (base 12) to base 5.
1201304014
Convert -a5a35 (base 13) to base 5.
-34021304
289761 (base 10) to base 3
112201110220
What is -1100102122111022 (base 3) in base 9?
-40378438
Convert -10772572 (base 8) to base 4.
-20333111322
a91996 (base 11) to base 9
3248371
What is 12232310223 (base 4) in base 9?
3278573
What is 113210010012 (base 4) in base 8?
27440406
-86923c (base 13) to base 8
-14037420
37943b (base 13) to base 7
14225050
21100202202 (base 3) to base 4
203120012
12557036 (base 8) to base 10
2809374
1839c0 (base 13) to base 3
1010220002100
What is -852618 (base 14) in base 4?
-101022331232
Convert 257086 (base 9) to base 2.
100110000110110100
What is -211841 (base 15) in base 11?
-986035
What is 1210222121222 (base 3) in base 8?
3533144
Convert -286c08 (base 13) to base 2.
-11110000110010110100
Convert -11308 (base 13) to base 9.
-46807
1013122210 (base 4) to base 16
476a4
What is 64636 (base 10) in base 5?
4032021
What is 102333101 (base 4) in base 13?
2952b
Convert 6603449 (base 10) to base 13.
14a2888
10010000100101100 (base 2) to base 5
4332103
What is -311215 (base 9) in base 3?
-100101020112
What is 100100111100111 (base 2) in base 15?
5914
What is 1242584 (base 9) in base 12?
28824a
What is -12556 (base 16) in base 15?
-173b4
What is 103020002310 (base 4) in base 14?
947204
Convert -11110001001000011000111 (base 2) to base 15.
-a6123d
Convert 7188834 (base 10) to base 12.
24a8256
Convert -100001011111011000110100 (base 2) to base 9.
-17460855
10110000100011110000 (base 2) to base 5
141120214
-6a766 (base 11) to base 7
-603411
Convert 2595995 (base 10) to base 2.
1001111001110010011011
Convert -2141664 (base 11) to base 6.
-212405532
What is -1000202122002 (base 3) in base 14?
-103226
-40318 (base 11) to base 16
-e642
Convert -100221101210212 (base 3) to base 11.
-2a89159
Convert -56bd3 (base 14) to base 6.
-4304153
2896b4 (base 13) to base 5
223221013
What is -7cb3ad (base 15) in base 16?
-5af580
-4796787 (base 10) to base 5
-2211444122
What is 25163403 (base 7) in base 6?
120334540
-8411 (base 15) to base 14
-a260
Convert 100120112122 (base 3) to base 13.
67a33
Convert 3067388 (base 9) to base 13.
4550ba
What is 1637a7 (base 11) in base 7?
2105046
Convert -10132302311 (base 4) to base 10.
-1174709
What is 12312152 (base 6) in base 3?
202020110112
Convert -3330013 (base 5) to base 15.
-12358
Convert -22ea8 (base 16) to base 13.
-50133
Convert -55788 (base 14) to base 7.
-1522231
What is -151417 (base 11) in base 13?
-835c9
260430 (base 7) to base 11
33272
50522223 (base 6) to base 9
2636536
b208 (base 14) to base 8
73570
30210 (base 5) to base 8
3612
Convert 1000042 (base 5) to base 13.
7178
21322320032 (base 4) to base 3
11220010011102
What is -14960 (base 11) in base 16?
-5280
1501654 (base 9) to base 14
177a34
1015100 (base 8) to base 2
1000001101001000000
What is 2a124a (base 13) in base 8?
3735211
Convert -890a4 (base 14) to base 12.
-140288
-476685 (base 13) to base 14
-323460
-11021220020120 (base 3) to base 2
-1000101100111100000010
What is -35350344 (base 6) in base 3?
-2002001002001
Convert -2b85d (base 16) to base 12.
-871b9
Convert -886307 (base 9) to base 16.
-81460
What is -327346 (base 8) in base 2?
-11010111011100110
Convert -6171536 (base 8) to base 16.
-18f35e
Convert -22015008 (base 9) to base 6.
-1020010442
Convert -95a3c (base 13) to base 11.
-174760
Convert -13a539 (base 16) to base 13.
-361030
What is 39ab94 (base 12) in base 15?
13c181
What is 462c9 (base 15) in base 12?
a9339
Convert 12b5b73 (base 13) to base 14.
ad6c2c
What is 807c78 (base 14) in base 13?
b85343
What is 1e7990 (base 15) in base 10?
1493910
Convert -11101001000100 (base 2) to base 7.
-61326
What is -15133035 (base 6) in base 15?
-a5abb
-2109c (base 16) to base 7
-1102350
Convert 310110224 (base 5) to base 3.
2100200220120
What is 101110011010010001 (base 2) in base 11?
11a906
What is a2c16 (base 13) in base 9?
484551
What is -20b0ab (base 14) in base 9?
-2065110
Convert -1745637 (base 10) to base 11.
-a92583
What is 18a89 (base 16) in base 9?
163483
Convert 10011200110002 (base 3) to base 2.
110011011101111100111
What is -38ba729 (base 12) in base 15?
-eb20a0
What is 1105911 (base 11) in base 16?
1d9b90
Convert 20022346 (base 7) to base 12.
678557
What is 7025a0 (base 11) in base 10?
1130734
Convert 302605 (base 7) to base 12.
258ba
What is -20526160 (base 7) in base 2?
-110101000010101011000
-102212011122 (base 3) to base 5
-24432110
-1011522 (base 11) to base 14
-34793c
Convert -540602 (base 9) to base 4.
-1032212321
What is 78701 (base 11) in base 6?
2235411
What is 134156552 (base 7) in base 5?
4214042203
Convert 120002200 (base 4) to base 3.
12000001211
What is -1264642 (base 8) in base 5?
-42322342
75260 (base 8) to base 12
16214
-d073a (base 16) to base 14
-183230
1146ab6 (base 12) to base 16
32ceaa
Convert -212210 (base 5) to base 3.
-100211221
Convert -2012122002 (base 3) to base 10.
-43472
Convert 1472459 (base 10) to base 7.
15341612
-16b69d (base 15) to base 8
-4147664
What is -94899 (base 16) in base 3?
-1010220120200
2202142 (base 5) to base 8
111645
What is -1214212054 (base 6) in base 5?
-12030431202
What is -242430441 (base 6) in base 13?
-c54202
340e00 (base 15) to base 6
125122543
What is -5347 (base 15) in base 5?
-1030432
Convert 100010100000011010000 (base 2) to base 13.
307873
Convert -2bb7 (base 14) to base 3.
-101201002
What is -895232 (base 12) in base 4?
-20111300012
Convert -805b (base 15) to base 16.
-69ce
17885 (base 14) to base 2
1110011110101101
66353 (base 9) to base 16
abff
-11250304 (base 6) to base 3
-122201101011
-114846 (base 9) to base 10
-69216
381368 (base 15) to base 3
12001112020122
Convert -4425 (base 12) to base 10.
-7517
What is -24127 (base 16) in base 8?
-440447
Convert -53868b (base 12) to base 9.
-2433258
What is -a06288 (base 11) in base 7?
-16521430
Convert -4708996 (base 10) to base 14.
-8a816c
-1111011101100100011 (base 2) to base 16
-7bb23
What is 332333301032 (base 4) in base 7?
260240066
Convert 4a85ba (base 12) to base 4.
10221031132
Convert -110212010212 (base 3) to base 12.
-10254b
40c9a (base 13) to base 15
2474e
What is 17946840 (base 10) in base 16?
111d8d8
Convert 102153304 (base 6) to base 7.
21124444
What is -2b19b3 (base 14) in base 3?
-2211100120120
What is -213331233 (base 4) in base 7?
-1251150
10620254 (base 7) to base 13
266cc6
Convert -3c66c3 (base 14) to base 4.
-13332303303
19b63 (base 14) to base 9
108576
Convert -1000002222112 (base 3) to base 11.
-334a05
Convert b154c1 (base 14) to base 2.
10110110001010100000001
What is -51096 (base 16) in base 15?
-68536
Convert -12011210100 (base 3) to base 15.
-202dc
What is -10375100 (base 8) in base 12?
-8b4768
Convert 768508 (base 9) to base 11.
293901
-19497 (base 14) to base 5
-4022104
Convert 4614919 (base 11) to base 15.
a972b9
-61178 (base 14) to base 4
-321001012
b36d2e (base 16) to base 15
10741b4
110010000001001011000 (base 2) to base 15
22596a
What is -7c76b (base 15) in base 2?
-1100000110100000111
What is -1c421 (base 14) in base 16?
-119dd
-234581 (base 9) to base 6
-3005331
32b710 (base 15) to base 6
123454510
Convert -11102112201220 (base 3) to base 15.
-3172d0
What is -57716 (base 15) in base 16?
-43f4a
Convert -76103 (base 9) to base 2.
-1100010011010001
-3212334333 (base 5) to base 10
-6761843
What is 21100103113 (base 4) in base 2?
1001010000010011010111
-205225 (base 12) to base 10
-506621
44603525 (base 7) to base 8
16600427
1270859 (base 13) to base 11
3291715
What is 130002 (base 13) in base 12?
1a0556
-12503a (base 13) to base 5
-103030244
What is 114258 (base 11) in base 6?
3515241
What is 2352 (base 12) in base 16?
f6e
Convert 1000420430 (base 5) to base 9.
3627174
What is 21322221 (base 5) in base 3?
100021202210
Convert -8309633 (base 10) to base 14.
-1164413
What is -10644625 (base 10) in base 7?
-156322615
Convert 23050011 (base 6) to base 3.
102